 of 582373466?
2, 61, 4773553
List the prime factors of 4926013579.
69401, 70979
What are the prime factors of 8594924?
2, 13, 165287
List the prime factors of 409903094.
2, 37, 5539231
What are the prime factors of 1435241926?
2, 13291, 53993
List the prime factors of 2067255829.
73, 251, 257, 439
What are the prime factors of 417050943?
3, 29, 2039, 2351
List the prime factors of 214251249.
3, 71417083
What are the prime factors of 307911070?
2, 5, 30791107
List the prime factors of 622089564.
2, 3, 19, 613, 4451
What are the prime factors of 56979100?
2, 5, 19, 29989
List the prime factors of 1737002697.
3, 1201, 482099
List the prime factors of 72198975.
3, 5, 962653
List the prime factors of 58728247.
67, 113, 7757
List the prime factors of 14804583.
3, 1823, 2707
List the prime factors of 52034062.
2, 29, 37, 24247
List the prime factors of 5374984829.
57713, 93133
List the prime factors of 77772834.
2, 3, 4320713
What are the prime factors of 72649864?
2, 7, 31, 41849
List the prime factors of 100006159.
11, 107, 84967
List the prime factors of 49270696.
2, 151, 40787
What are the prime factors of 10176576?
2, 3, 53003
What are the prime factors of 3987853755?
3, 5, 43, 1951, 3169
What are the prime factors of 117219687?
3, 13, 3005633
What are the prime factors of 12272083?
12272083
List the prime factors of 120525183.
3, 13391687
List the prime factors of 660891631.
449, 1471919
What are the prime factors of 289912132?
2, 72478033
What are the prime factors of 184629259?
367, 503077
What are the prime factors of 3080139611?
17, 67, 79, 34231
What are the prime factors of 480078854?
2, 71, 3380837
List the prime factors of 174419485.
5, 29, 31, 38803
List the prime factors of 818020628.
2, 204505157
List the prime factors of 31309625.
5, 19, 13183
What are the prime factors of 310476234?
2, 3, 151, 263, 1303
List the prime factors of 6716787.
3, 7, 11, 29077
List the prime factors of 4990478946.
2, 3, 831746491
What are the prime factors of 1524938401?
7, 743, 293201
What are the prime factors of 101133388?
2, 41, 181, 3407
What are the prime factors of 1852763895?
3, 5, 13724177
List the prime factors of 7604495181.
3, 2389, 353681
What are the prime factors of 461224542?
2, 3, 76870757
What are the prime factors of 684071063?
13, 97, 542483
What are the prime factors of 676669?
7, 96667
What are the prime factors of 219766569?
3, 11, 37, 179989
List the prime factors of 525406681.
373, 1408597
List the prime factors of 3651604809.
3, 397, 3065999
What are the prime factors of 60644149?
347, 174767
What are the prime factors of 138640257?
3, 7, 97, 463
List the prime factors of 12191501.
7, 167, 10429
What are the prime factors of 378944168?
2, 73, 109, 5953
What are the prime factors of 2830278625?
5, 22642229
List the prime factors of 91831276.
2, 449, 51131
List the prime factors of 260082902.
2, 130041451
What are the prime factors of 6930888989?
19, 364783631
What are the prime factors of 770720497?
67, 11503291
List the prime factors of 52167011.
13, 4012847
List the prime factors of 15812063.
23, 687481
What are the prime factors of 187460441?
7, 19, 31, 2393
List the prime factors of 42647336.
2, 23, 231779
List the prime factors of 1195916198.
2, 597958099
What are the prime factors of 506610037?
506610037
What are the prime factors of 30046873?
73, 523, 787
What are the prime factors of 3767854637?
59, 83, 769421
List the prime factors of 905238979.
179, 1249, 4049
List the prime factors of 44507540.
2, 5, 7, 11, 28901
List the prime factors of 193541646.
2, 3, 32256941
List the prime factors of 330566862.
2, 3, 4013, 13729
List the prime factors of 30518013.
3, 10172671
List the prime factors of 1232509126.
2, 616254563
List the prime factors of 4676994883.
11, 425181353
What are the prime factors of 593725837?
5437, 109201
List the prime factors of 154884560.
2, 5, 1936057
What are the prime factors of 55422608?
2, 79, 163, 269
List the prime factors of 2477205304.
2, 7, 1019, 43411
List the prime factors of 94776410.
2, 5, 2411, 3931
What are the prime factors of 583904504?
2, 19, 202183
What are the prime factors of 102368914?
2, 47, 457, 2383
List the prime factors of 6014029792.
2, 187938431
What are the prime factors of 89002414?
2, 44501207
List the prime factors of 65409255.
3, 5, 661, 733
List the prime factors of 298084254.
2, 3, 13, 193, 19801
What are the prime factors of 31591928?
2, 43, 91837
What are the prime factors of 197927568?
2, 3, 1374497
What are the prime factors of 152087596?
2, 283, 134353
What are the prime factors of 43197579?
3, 4799731
What are the prime factors of 324908967?
3, 108302989
List the prime factors of 342045111.
3, 29, 3931553
List the prime factors of 46622992.
2, 13, 224149
What are the prime factors of 179687266?
2, 11, 8167603
List the prime factors of 23902823.
7, 3414689
List the prime factors of 2559424.
2, 7, 29, 197
What are the prime factors of 68986517?
59, 359, 3257
List the prime factors of 918838448.
2, 11, 43, 317, 383
What are the prime factors of 60536181?
3, 37, 545371
What are the prime factors of 160571812?
2, 19, 757, 2791
List the prime factors of 62614933.
241, 259813
What are the prime factors of 32263227?
3, 23, 155861
List the prime factors of 118868886.
2, 3, 6603827
What are the prime factors of 3020273894?
2, 11, 863, 159079
What are the prime factors of 2987825989?
139, 21495151
What are the prime factors of 793619799?
3, 7, 827, 45697
List the prime factors of 6391797965.
5, 7, 79, 2311681
What are the prime factors of 1325520803?
1325520803
List the prime factors of 2063105968.
2, 7, 11, 1674599
List the prime factors of 388649042.
2, 811, 239611
What are the prime factors of 724005658?
2, 362002829
List the prime factors of 746500575.
3, 5, 9953341
List the prime factors of 2322529308.
2, 3, 11, 1954991
List the prime factors of 88299273.
3, 29433091
List the prime factors of 18671642.
2, 11, 19, 2351
What are the prime factors of 1658723346?
2, 3, 7, 61, 7993
List the prime factors of 45397075.
5, 1815883
What are the prime factors of 89657418?
2, 3, 14942903
What are the prime factors of 54528756?
2, 3, 4544063
List the prime factors of 276650520.
2, 3, 5, 17, 135613
List the prime factors of 160637954.
2, 577, 139201
List the prime factors of 70792270.
2, 5, 107, 66161
List the prime factors of 2182004402.
2, 293, 449, 8293
List the prime factors of 32964361.
727, 45343
List the prime factors of 62208122.
2, 101, 547, 563
List the prime factors of 476795458.
2, 238397729
What are the prime factors of 1409486779?
17, 1601, 51787
What are the prime factors of 84239963?
61, 1380983
What are the prime factors of 1372153713?
3, 7, 31, 353, 853
List the prime factors of 5105064987.
3, 11, 17188771
List the prime factors of 43617813.
3, 149, 97579
What are the prime factors of 853769093?
751, 1136843
What are the prime factors of 6276770343?
3, 697418927
List the prime factors of 6002051008.
2, 17, 41, 197, 683
What are the prime factors of 43243758?
2, 3, 2402431
List the prime factors of 259244680.
2, 5, 157, 41281
List the prime factors of 53293673.
53, 1005541
What are the prime factors of 38472061?
593, 64877
What are the prime factors of 1796056723?
43, 41768761
What are the prime factors of 594477035?
5, 19, 6257653
List the prime factors of 32161974.
2, 3, 13, 412333
What are the prime factors of 136906710?
2, 3, 5, 4563557
What are the prime factors of 522987715?
5, 43, 2432501
What are the prime factors of 1161320422?
2, 17, 101, 338183
List the prime factors of 3915175104.
2, 3, 373, 18223
List the prime factors of 116346246.
2, 3, 83, 307, 761
List the prime factors of 8374031190.
2, 3, 5, 7, 17, 781889
What are the prime factors of 116722830?
2, 3, 5, 7, 555823
List the prime factors of 32956916.
2, 8239229
What are the prime factors of 34842819?
3, 11, 83, 12721
List the prime factors of 621702738.
2, 3, 1697, 20353
What are the prime factors of 932873153?
19, 97, 506171
What are the prime factors of 244269848?
2, 30533731
What are the prime factors of 82385395?
5, 16477079
What are the prime factors of 1508514?
2, 3, 7, 733
List the prime factors of 52208670.
2, 3, 5, 1740289
What are the prime factors of 14075775?
3, 5, 7, 331
List 